Suppose -2*a + 6*a = -2*p + 50, 173 = 5*p - 2*a. Is p a composite number?
True
Suppose -17*m + 18*m = 4. Suppose -m*d + 2*n + 0*n = -180, 0 = 4*d + 2*n - 196. Is d composite?
False
Let l = -11 - -16. Suppose -l*n = -25, -4*h - 160 = -5*n - 491. Is h composite?
False
Suppose 4*s - 3326 - 6130 = 0. Suppose 0 = 4*p + 4*a - s, 935 + 830 = 3*p + a. Is p prime?
True
Suppose 2342 = 4*v - 3*r, 3*v - 5*r + 2*r - 1755 = 0. Is v prime?
True
Let d = 64 + 36. Let t = 179 - d. Is t a composite number?
False
Let w be (8 + 1)*2/6. Let y(z) = 71*z - 2. Is y(w) a composite number?
False
Let h(z) = -z**3 - 9*z**2 + 7*z - 3. Let y be h(-9). Let c = y - -101. Is c composite?
True
Let u(v) = -v**2 + 2*v + 4. Let h be u(4). Let m be ((-38)/h)/((-1)/(-2)). Let z = 132 - m. Is z prime?
True
Let a = 51 - -9. Let h = -1 + a. Is h a prime number?
True
Suppose -9*n + 72 = -12*n. Is (136/n)/(2/(-42)) prime?
False
Suppose 0 = 2*u - 92 - 56. Suppose r = 2*r - u. Suppose 3*o - o - 4*f = r, -2*f = -4*o + 148. Is o a composite number?
False
Let n be 2*-2*(-2 + 3). Is ((-38)/n)/(5/50) prime?
False
Let w(v) = 2*v**2 - 2*v + 10. Let i = -9 + 3. Is w(i) composite?
True
Is ((-1923)/6)/(-1)*2 composite?
False
Let g(a) = 3*a**2 - 7*a + 31. Is g(-14) a prime number?
False
Let j = 35 + -6. Let x(n) = -2*n**3 - n**2 + 1. Let t be x(-1). Suppose 3*w + 5*o = j, -3*w + t*o + 45 = -o. Is w composite?
False
Suppose -37 = 4*t - 1553. Is t a composite number?
False
Let r = -2 - -4. Let u be 4/(r + 372/(-183)). Let z = -85 - u. Is z prime?
True
Let p(o) = 2*o**3 - 4*o - 5. Is p(7) prime?
True
Let u(k) = -2*k**2 - 2*k + 1. Let r be u(1). Let a be 4/6 - (-11)/r. Is (-147)/a - (2 - 0) a composite number?
False
Suppose 3*y - 5*w - 8146 = 0, -w - 1 = 4. Is y prime?
True
Let s(h) = 12*h + 6. Let t be s(3). Let y(x) = x**3 - 5*x**2 - 7*x + 4. Let o be y(6). Is (t - -3)*o/(-6) prime?
False
Suppose -2*y + 3*y - c + 4 = 0, 2*y - 3*c = -13. Let f(n) = 34*n**2 - 6 + 6 - n. Is f(y) composite?
True
Let f(l) = 79*l**3. Suppose 0 = 5*k - 3*k - 2. Is f(k) a prime number?
True
Suppose 8 = m + m. Let a be (-134)/m*(-12)/(-6). Let r = a + 136. Is r a composite number?
True
Let r be 60/((-3)/(-1))*5. Suppose 0 = -v + 4*p + 12, 8*v - 5*v = p + 47. Suppose 1 = 3*s + v, 5*s + r = 5*z. Is z prime?
False
Let i be (-6)/(((-9)/(-294))/(-1)). Let o = i - 101. Is o a prime number?
False
Let p = -1008 + 1799. Is p composite?
True
Suppose 0 = 5*x + 20, 2*n + 3*x = -n + 1485. Is n prime?
True
Suppose 0 = -5*w + 22 - 7. Suppose -308 = -w*l - l. Is l a prime number?
False
Let g(i) = i**3 - 2*i**2 + 3*i - 6. Suppose -8 = -5*q - 3*j, -2*j + 7*j + 20 = 0. Let s be g(q). Is 1 - (-5)/(5/s) prime?
False
Let d(c) = -3*c**2 - 5*c + 28. Let m(s) = s**2 + 2*s - 9. Let l(x) = -2*d(x) - 7*m(x). Let y be l(-5). Suppose -y*h - 50 = -188. Is h a prime number?
False
Let o(h) = 53*h - 2. Suppose -m + 1 = p - 4, 0 = m - 5*p + 7. Is o(m) prime?
True
Let t(g) = g**2 + 3*g + 5. Let l be t(-5). Is -3 + 2 + 0 + l prime?
False
Let c = -40 - -81. Suppose -c = 2*d - 107. Is d a prime number?
False
Is (1/2)/(3 + 5523/(-1842)) a prime number?
True
Let g = -1458 - -3299. Is g a prime number?
False
Let a(z) = 31*z**3 - z**2 - z + 1. Let c be a(1). Let n = c - -3. Is n a prime number?
False
Suppose -4*u = -13 - 7. Let i(t) = 5*t**2 + 3*t + 4. Let f be i(-4). Suppose u*h = -5, h + 114 = 5*a - f. Is a composite?
False
Suppose 4*c - 9321 - 1478 = -5*l, -4*l = 4*c - 8640. Is l a prime number?
False
Let z = -5 - -8. Let a be (5/(-10))/((-1)/2). Suppose -4*h - 35 = -5*w, w - a + z = -h. Is w a prime number?
True
Let j(l) = l**2 + 5*l - 11. Let t be j(-6). Let a = t + 154. Is a a prime number?
True
Let i be -2 + 3 + -3 + 8. Suppose 0 = i*l - 5*l - 131. Is l composite?
False
Let u = 1 + -2. Let m(k) = 32*k**3 - 4*k**2 + 4. Let f(r) = r**3 + r**2 - 1. Let g(c) = -5*f(c) - m(c). Is g(u) prime?
True
Suppose -4*n + 2*u - 4 = u, -3*n = -5*u - 14. Let b(r) = -3 + 0*r - 7*r - 2*r. Is b(n) composite?
True
Let q(a) = -3 + 1 - 4*a**2 + 2*a**2. Let m be q(-2). Is 2/5 - 366/m a prime number?
True
Suppose -79 = -v - 2*d, 0 = 6*v - 2*v + 2*d - 340. Is v a composite number?
True
Let g be (-6)/8 - 666/(-24). Let a = 10 + g. Is a prime?
True
Let c(m) = -5*m - 5. Let x be c(-4). Let n = 19 - 12. Let f = x + n. Is f prime?
False
Suppose -4*h = 3*v - 1795, -5*v + 5*h + 489 + 2456 = 0. Is v a composite number?
False
Suppose 3*k + 30 = -3*i, 3*k = 2*i - 7*i - 42. Let w = -3 - i. Is (-8 - -6)*-1*w composite?
True
Suppose -9*w + 688 = -2165. Is w composite?
False
Is -3 - -573*(-2 + 16/6) composite?
False
Is (-1)/(-3) - 2594/(-3) prime?
False
Let n be 3 + 1 - (-96)/1. Suppose 3*a - 60 = -2*h + 95, 3*h = -2*a + n. Is a prime?
True
Let z(s) = 252*s - 2. Is z(2) a prime number?
False
Is (76/10)/(22/55) a composite number?
False
Suppose 0 = -r - 3, -5*s = -3*s + 2*r. Let d be 1 - s - 7/(-1). Is (-2)/d + 1191/15 a prime number?
True
Suppose -22*a + 358 = -20*a. Is a prime?
True
Let z = 955 + -174. Is z a prime number?
False
Suppose 5*t + 3*z = z + 735, 5*t = 3*z + 735. Suppose 2*r = -r + t. Suppose -2*n + r + 109 = 0. Is n a composite number?
False
Let w be 6/5*70/(-21). Let l be -8*(-1 + (-25)/w). Let y = 71 - l. Is y a prime number?
True
Let b(p) = -p**2 + 4*p - 1. Let m be b(3). Suppose 2*s = -4*v - m, 0*s - 23 = v + 5*s. Suppose -u + 11 = -v*n - 5, 3*n = -2*u + 53. Is u a prime number?
False
Let f(a) = 4*a + 11*a - 11 + 21*a + 3*a. Is f(7) composite?
True
Suppose -b = -7 + 3. Let z(k) = 41*k + 3. Let f be z(b). Suppose -5*c + 15 = 0, 2*p + 5*c = f + 42. Is p a prime number?
True
Let g(c) = 13*c**3 + 2*c**2 + 6*c - 2. Let n be g(4). Suppose n = 3*a + 253. Is a prime?
True
Let j(n) = 13*n**2 + 7*n - 29. Is j(-12) a prime number?
True
Let w(i) = 4*i**2 + 3*i**2 + 3*i + 20*i**3 - 1 - 8*i**2. Is w(2) composite?
True
Let c be 4/(2/1) + 2. Suppose 3*u - 4*q + 15 = 0, -4*u - u + 3*q = 14. Let r = u + c. Is r a composite number?
False
Let l be (-3 - -6)*(-15)/(-9). Suppose -l*h = -0*y + 4*y + 5, 5 = -5*h. Suppose -75 = -s - 2*j, -3*j = 3*s - y*j - 231. Is s a prime number?
True
Let o(c) = 6*c - 8. Let q be o(9). Suppose g - 6 = -0*g. Suppose 4*x = g*x - q. Is x a composite number?
False
Let a = -13 + 12. Is a/2*(-1 + -445) prime?
True
Suppose 58 = -8*q + 3*q - 3*l, 0 = -4*q + 2*l - 64. Let d(v) = v**2 + 14*v + 19. Is d(q) a composite number?
False
Is (2649/6 - 3)*(1 - -1) composite?
False
Is (-2)/16*-2078 + (-3)/4 a prime number?
False
Let r(l) = l**3 - 4*l**2 + l - 1. Let s be r(4). Suppose s*z - 10 = -0*z - 2*w, -13 = -4*z - 3*w. Suppose -6*f + u + 274 = -f, 221 = z*f + u. Is f prime?
False
Let f = 373 - 224. Is f a prime number?
True
Is 6*3/6 + 570/1 composite?
True
Suppose i = 3*v + 8, -3*v - 4 = 3*i + 2*v. Let z = 8 - 58. Is i - 0 - 1 - z a composite number?
True
Suppose 2*y - 5*y + 3*w + 1557 = 0, -3*y - 3*w + 1545 = 0. Is y a prime number?
False
Suppose 2*z + 10 = 7*z. Suppose 0 = 5*y - z*g + 8, 4*y + 0*g + 4 = g. Suppose y = b - 2*j - 21, 3*b + 0*b = -j + 98. Is b prime?
True
Suppose -5*n - r + 228 = 0, 2*r = 3*n + 62 - 204. Let g = n - -47. Is g composite?
True
Let u(c) be the second derivative of c**4/4 - c**3/2 - c**2 + c. Is u(5) composite?
True
Let d = 32 + 489. Is d a composite number?
False
Suppose 2914 = 6*p - 1556. Is p prime?
False
Let k(n) = -12*n**2 - 5*n - 3. Let m be k(-3). Let h = -63 - m. Is h composite?
True
Suppose -5*f + 578 = -92. Is f composite?
True
Let l be ((-48)/(-10))/((-8)/(-140)). Suppose 9*j - l = 5*j. Is j a composite number?
True
Suppose -4*m + 109 = -5*l - 216, 3*m + 3*l = 264. Is m composite?
True
Suppose 2*u - o - 8 = 0, 0 = -u - o - 1 + 2. Suppose z = -u*d + 58, 0 = -4*z + z + 4*d + 213. Is z a composite number?
False
Is (6 - 8) + (35 - 0) composite?
True
Let j = -2191 - -4458. Is j prime?
True
Let f be 2/(-8) - 45/(-20). Is (-4)/8*f*-251 a prime number?
True
Let w = -181 - -258. Is w a prime number?
False
Let x be 3*(-3 + (-48)/(-9)). Suppose 1 = -n + x. Suppose -n*h + h = -185. Is h a prime number?
True
Let h(s) = 3*s**3 - 8*s**2 + s - 11. Let t(i) = -4*i**3 + 7*i**2 + 12. Let p(y) = -5*h(y) - 4*t(y). Is p(-12) composite?
False
Let y = 4 + 3. Suppose y*z = 4*z + 633. Is z a composite number?
False
Let x(k) = -6*k - 1. Let o be x(5). Suppose 0 = a - 3*a 